ided by 13.
11
Let p be ((-7)/3)/((-3)/72*-2). Let c = -20 - p. Calculate the remainder when 29 is divided by c.
5
Let f(m) = -12*m - 1. Suppose -5*h - 2*k + 849 = 0, -3*h + 4*h = -3*k + 162. What is the remainder when h is divided by f(-3)?
31
Suppose 3*o + 5*m + 2380 = 8*o, 0 = -4*o - m + 1919. Calculate the remainder when o is divided by 158.
5
Suppose 3 = -4*b + 139. Suppose -118*v + 114*v - 48 = -4*q, -7*q = -2*v - 84. What is the remainder when b is divided by q?
10
Calculate the remainder when 401 is divided by -5 + (-677)/(-9) - 6/27.
51
Let j = -14 + 17. Suppose -7*n = -j*n + 3*i - 305, -3*n - 2*i + 230 = 0. Suppose 3*a - 1 = n. Calculate the remainder when 107 is divided by a.
26
Let a(b) = -b**2 - 6*b + 66. What is the remainder when a(0) is divided by 55?
11
Suppose j + 16*k - 125 = 12*k, 0 = -2*j + 2*k + 230. Calculate the remainder when 580 is divided by j.
112
Suppose -4*i - 57 = -g, 0 = g + i - 53 + 16. Let m = g - -14. Let c = m + -34. What is the remainder when c is divided by 8?
5
Suppose 2*o + 5*d = 28, 2*o + 2*d = o + 12. What is the remainder when 113 is divided by 138/o*-4*1/(-6)?
21
Let p(n) = 38*n**2 + 6*n + 12. Let b be p(-4). Suppose 0 = 12*f - 4 - b. Calculate the remainder when f is divided by 13.
11
Let f = 109 - 35. Let x = -69 + f. Calculate the remainder when 22 is divided by x.
2
Suppose 7581 = 46*b + 589. Calculate the remainder when b is divided by 84.
68
Let c = 36 + -11. Calculate the remainder when 32 is divided by c.
7
Suppose -7 = 3*j + 4*g, 5*g + 26 = 2*j - 0*g. Suppose d - 6 = j*d. Calculate the remainder when 19 is divided by 3 + 3/d + 5.
5
Suppose 0 = -2*t + 3 + 7. Suppose -2*f + 5*o = -13 + 2, 5*o = -t. Let s(k) = -k**2 + 72*k + 1846. What is the remainder when s(92) is divided by f?
0
Suppose -2220*m + 2216*m = -80. Suppose 0 = d - 0 - 12. Calculate the remainder when m is divided by d.
8
Suppose -2*b - n + 5*n = -28, -2*b = 2*n - 22. What is the remainder when (-806)/(-4) + 3/6 is divided by b?
10
Suppose -8*i + 35 = -3*i. Suppose 0 = -i*x + 3*x + 124. What is the remainder when 83 is divided by 0 + x - (-12)/(-4)?
27
Let b(p) = p + 2. Let r be b(-4). Let s be (-3 + 4)*r + 25. Let a = s - 18. What is the remainder when 7 is divided by a?
2
Suppose -x - 165 = -2*g, -12*g - 90 = -13*g - x. What is the remainder when g is divided by 47?
38
Suppose 24*p = 20*p - r + 315, 4*r = -20. Calculate the remainder when p is divided by 32.
16
Suppose 2*n - 3 = -2*m + 37, -m - 5 = 0. Suppose -3*d + 19 = -2*t, -d + 2*d - 11 = 3*t. Suppose -d = -3*x + 16. What is the remainder when n is divided by x?
4
Suppose 45 = 5*q - 2*t - 24, 5*q + 5*t - 90 = 0. Let b = q + 7. Let r(z) = -z + 15. What is the remainder when b is divided by r(7)?
6
Calculate the remainder when 14 is divided by (-7 + 6)/((-2)/16).
6
Let u = -47 - -59. Suppose -u*a + 57 = -9*a. What is the remainder when a is divided by 14?
5
Let y = -13 - -10. Let j be 0 + -3 - 0/y. What is the remainder when 3*1/j - -65 is divided by 22?
20
What is the remainder when 84 is divided by ((-48)/120)/((-2)/50)?
4
Suppose 2*r + 0*d - 101 = -3*d, 3*r = -2*d + 164. Suppose r = 4*n + 38. Calculate the remainder when 24 is divided by n.
4
Let m(j) = j - 18 + 8 + 11. Let g be m(2). Suppose -p + 10 - g = 0. What is the remainder when p is divided by 4?
3
Suppose 36 = -4*t - 8. Let v be (-27)/(-4) + t/(-44). What is the remainder when (-5 + v)/(4/62) is divided by 17?
14
Suppose 25 = -9*a + 4*a. Let c(t) = -t**3 - 7*t**2 - 11*t - 6. Let y be c(a). Let l = y - -15. What is the remainder when 25 is divided by l?
11
Suppose -w + 36 = -24. Suppose 3*u + 4*z = 40, -w = -2*u - 0*z + 4*z. Suppose -94*n = -97*n + 33. What is the remainder when u is divided by n?
9
Let l = -117 - -108. Let x = l + 45. Calculate the remainder when 177 is divided by x.
33
Suppose -f + 101 - 12 = 0. Calculate the remainder when f is divided by -7 - (-324)/45 - (-192)/15.
11
Let p = -2 - 18. Suppose -5*y - 2*u + 4*u = -158, 0 = 3*y + u - 86. Calculate the remainder when y is divided by ((-22)/(-8))/((-5)/p).
8
Suppose 5*a + 1 = 2*d - 12, -2*d - a - 5 = 0. Calculate the remainder when 26/91 + d + 796/7 is divided by 23.
21
Let m(w) be the first derivative of -w**4/4 - 5*w**3/3 + 9*w**2/2 - w - 2. What is the remainder when 167 is divided by m(-7)?
31
Let q = -51 + 85. Suppose -k = -3*k + 4*o + q, -5*k = -2*o - 53. Suppose 6 = 3*m - k. Calculate the remainder when 13 is divided by m.
3
Suppose 29*i = 6261 - 954. What is the remainder when i is divided by 17?
13
Let t = -27 + 49. Let j = -2062 - -2068. Calculate the remainder when t is divided by j.
4
Let j(a) = -a**3 + 4*a**2 + 2*a + 1. What is the remainder when j(4) is divided by 4?
1
Suppose -z - 2*a + 37 = 0, -3*z - 14*a + 81 = -18*a. What is the remainder when 340 is divided by z?
30
Let k be (-8)/(-32) + (-13)/4. Calculate the remainder when 2/k*42/8*-8 is divided by 20.
8
Suppose 4*g - 2*u = -7*u + 30, 0 = -5*g + 3*u + 19. Suppose -g*i + 27 = -43. Calculate the remainder when 41 is divided by i.
13
Let u be (-9 + 12)/((-6)/(-10)). Suppose -18 = -u*y + 62. What is the remainder when y is divided by 3?
1
Let s(i) = -7*i - 140. Let c be 1/3 - 51/(-9). Suppose -3*f - c = -63. What is the remainder when f is divided by s(-21)?
5
Let t(k) = -3*k**3 - 10*k**2 + 2*k + 11. Calculate the remainder when 173 is divided by t(-4).
33
Let g(p) = 9*p + 2. Let j be g(-3). Let m = 38 + j. Calculate the remainder when m is divided by 9.
4
Let h(s) = 2*s**2 + 2*s - 3. Calculate the remainder when h(-5) is divided by 15.
7
Suppose 0 = b - 0*b - 46. Let j(z) = -z**3 + z - 2. Let c be j(2). Let m(u) = -2*u - 4. Calculate the remainder when b is divided by m(c).
10
Suppose -3*j - 12 = -6*j. Suppose -j*g + w - 10 = -216, 0 = -4*g + 3*w + 210. What is the remainder when g is divided by 13?
12
Suppose -w - 377 = -4*a, -33*a - 4*w + 184 = -31*a. Calculate the remainder when a is divided by 12.
10
Let i = 9 - 1. Let l be -6*(44/20)/((-12)/20). Suppose 2*k - l = -k - v, 2*v - i = -2*k. Calculate the remainder when 44 is divided by k.
8
Let l = 327 + -194. Let k be (-26)/39*27/12*-2. Suppose -k*h + l = 37. What is the remainder when h is divided by 12?
8
Let g = -8 + 25. Let j(r) = r**3 - 13*r**2 + 23*r - 1. What is the remainder when g is divided by j(11)?
7
Suppose 6*n - 74 - 214 = 0. Suppose 0 = -4*b - 0*b + n. Suppose 3 = 3*c, 4*w = 2*w + 2*c + 12. Calculate the remainder when b is divided by w.
5
Let k be 0 + 4/2 - 10. Let r(n) = -n - 2. Let g be r(k). Suppose -2 = -x - 2*f + 4, -x + f = -g. What is the remainder when 11 is divided by x?
5
Let k(h) = h**2 + 98. Let t be k(0). Let i be 3*4/6*(1 - 23). Let l = i + t. What is the remainder when l is divided by 14?
12
Let q(a) = -a + 1. Let s be q(-7). Suppose -s*r + 3*r - 10 = 0. What is the remainder when 0 - -1 - 44/r is divided by 12?
11
Suppose 0 = 4*w - f - 301, 5*w - 90 - 278 = 4*f. Suppose -2*s - 16 = -2*c, -7*s + 2*s - 16 = c. Calculate the remainder when w is divided by 4/(-6)*(-78)/c.
11
Let o = 1 + 2. Suppose -2*g + 6 = -4*z, -o*z + 34 - 84 = -5*g. Suppose -p - 149 = -3*a, -5*a + p = -0*a - 247. What is the remainder when a is divided by g?
10
Let m(n) = 9*n - 27. Let i be m(8). Suppose 4*q - 55 = i. Calculate the remainder when q is divided by 8.
1
Let i be ((-528)/18)/(4/(-24)). Suppose -6*y + i = -532. Calculate the remainder when y is divided by 30.
28
Suppose 46*x - 2210 = -23*x + 1240. What is the remainder when x is divided by -2 + 4*(-11)/(-2)?
10
Let w = 8 - 6. Let p(t) = -t - 3*t**w - t**3 - 7 - 6*t**2 + 2 + 5*t**2. What is the remainder when 73 is divided by p(-5)?
23
Suppose 8*n - 4*n = 232. Suppose 15 = 4*i - 45. Calculate the remainder when -3*(-5)/15*n is divided by i.
13
Suppose -474 = -3*i - 3*p + 2*p, 0 = 4*i + 5*p - 632. Calculate the remainder when i is divided by 18.
14
Suppose -5*t = 0, -5*c - 4*t - t + 25 = 0. Let v = -2 + 11. What is the remainder when v is divided by 12*(15/6)/c?
3
Suppose 0 = -25*z + 1031 - 756. Suppose 0*o = 4*o - 104. What is the remainder when o is divided by z?
4
Let n(q) = -q**3 - 8*q**2 + 7*q - 8. Let j be n(-9). Let o be 8/j - 2/(-10). Calculate the remainder when 147 is divided by o/(-4) + (-447)/(-12).
36
Let d(q) = 3*q - 32. Let k be d(10). What is the remai